 1932210 and 144.
18
What is the greatest common divisor of 400600 and 352?
8
What is the greatest common divisor of 27 and 180764172?
9
Calculate the highest common factor of 4369 and 320993.
257
Calculate the greatest common divisor of 3334 and 24181.
1
What is the greatest common factor of 125 and 9196225?
25
Calculate the highest common factor of 356 and 70594889.
89
Calculate the highest common factor of 689327 and 815.
163
Calculate the greatest common factor of 92 and 6510748.
92
Calculate the greatest common divisor of 265286068 and 2456.
1228
Calculate the highest common factor of 200 and 207228050.
50
What is the highest common divisor of 237 and 897213586?
79
Calculate the highest common factor of 29504065 and 15.
5
Calculate the greatest common factor of 1988 and 19702571.
497
What is the greatest common divisor of 3944688 and 444?
12
Calculate the greatest common divisor of 9771 and 87652384.
3257
Calculate the highest common factor of 35796626 and 1139.
67
What is the highest common factor of 287276 and 37809439?
6529
Calculate the highest common divisor of 89573 and 37841.
479
What is the greatest common factor of 5426644 and 22?
2
What is the highest common divisor of 17784 and 37654656?
5928
Calculate the highest common factor of 1360 and 1690922.
34
What is the greatest common divisor of 370385 and 895?
5
What is the greatest common divisor of 2128 and 724736?
304
What is the highest common factor of 256686 and 2856?
6
Calculate the highest common divisor of 5699 and 72002.
139
What is the highest common factor of 924147 and 252?
63
Calculate the greatest common divisor of 5544 and 231470064.
504
Calculate the highest common factor of 25964032 and 90746.
5338
What is the greatest common divisor of 5628 and 18413409?
1407
What is the highest common factor of 41064014 and 7302?
2434
What is the greatest common divisor of 2684 and 31505036?
244
What is the highest common factor of 72 and 723510?
18
What is the greatest common factor of 6339527 and 1412?
353
Calculate the highest common divisor of 6648962 and 776.
194
Calculate the greatest common divisor of 5876 and 886756.
52
Calculate the highest common divisor of 346 and 598902.
2
Calculate the greatest common factor of 308 and 16204210.
22
What is the greatest common divisor of 74283 and 351967?
11
What is the greatest common factor of 654881 and 457127?
1433
What is the greatest common divisor of 1379 and 64160733?
1379
What is the greatest common factor of 3561242 and 877270?
4742
Calculate the greatest common divisor of 78292 and 1976392.
148
Calculate the greatest common divisor of 736 and 9994.
2
What is the greatest common factor of 40668661 and 407?
407
What is the highest common divisor of 1382 and 538?
2
Calculate the highest common factor of 362 and 12096411.
181
What is the greatest common divisor of 47728 and 10374?
38
What is the greatest common divisor of 15013002 and 1596?
114
What is the greatest common factor of 7794130 and 150?
10
What is the greatest common factor of 201690 and 590670?
90
Calculate the highest common factor of 701 and 1360.
1
What is the greatest common divisor of 76 and 12430731?
19
Calculate the greatest common factor of 21658 and 1774528.
238
What is the greatest common factor of 889416 and 219384?
792
What is the greatest common divisor of 306902 and 28372?
346
What is the highest common factor of 227259 and 23427?
171
Calculate the greatest common factor of 200 and 20446888.
8
What is the greatest common divisor of 16426 and 395342?
86
Calculate the greatest common factor of 201351 and 7913.
41
What is the highest common divisor of 40854797 and 94?
47
What is the highest common divisor of 691659 and 6399?
81
What is the greatest common factor of 3584 and 4718224?
112
Calculate the highest common divisor of 30688 and 1058.
2
Calculate the highest common divisor of 17142786 and 18.
18
What is the highest common factor of 2450 and 30724400?
350
Calculate the highest common factor of 87966 and 1026.
54
Calculate the highest common divisor of 205359 and 546840.
147
Calculate the highest common divisor of 9739161 and 63.
9
Calculate the greatest common factor of 5728175 and 125.
25
What is the highest common divisor of 9180 and 20493415?
85
What is the highest common factor of 88 and 449912?
8
What is the greatest common divisor of 20475 and 86541?
273
Calculate the highest common factor of 65585204 and 5004.
556
What is the greatest common divisor of 2690 and 229010?
10
What is the greatest common factor of 9137142 and 2855?
571
What is the greatest common divisor of 4140383 and 533260?
3809
What is the highest common factor of 1661 and 432011?
151
What is the greatest common factor of 251978 and 974339?
361
What is the highest common factor of 797340 and 28130?
970
Calculate the greatest common factor of 11755479 and 372.
93
Calculate the highest common divisor of 858249 and 2546.
19
What is the greatest common divisor of 4638 and 18211107?
2319
Calculate the highest common divisor of 5901148 and 4730.
946
Calculate the greatest common divisor of 66329 and 13927.
19
What is the highest common factor of 12265278 and 1554?
222
What is the highest common factor of 3285 and 3277773?
657
What is the greatest common divisor of 50 and 106179170?
10
What is the greatest common factor of 65239506 and 8262?
2754
Calculate the highest common factor of 13455499 and 7461.
829
Calculate the greatest common factor of 28 and 37879170.
14
Calculate the highest common divisor of 135032 and 1000.
8
Calculate the highest common factor of 2369 and 68479447.
103
Calculate the greatest common divisor of 922 and 954738376.
922
Calculate the highest common divisor of 290508757 and 308.
77
What is the highest common divisor of 630130 and 106?
2
Calculate the greatest common factor of 1985 and 4145695.
5
What is the greatest common factor of 400 and 26047100?
100
What is the highest common divisor of 1725 and 9416250?
75
Calculate the greatest common factor of 842089128 and 96.
24
Calculate the greatest common factor of 181470068 and 416.
52
Calculate the greatest common divisor of 31611601 and 35.
7
Calculate the highest common divisor of 2965 and 4760011.
593
What is the highest common divisor of 1846 and 247910?
26
Calculate the highest common factor of 2506749 and 41475.
1659
Calculate the highest common factor of 53533 and 486956.
67
Calculate the greatest common factor of 20474239 and 17.
17
What is the highest common divisor of 139581 and 4446?
117
What is the highest common factor of 11843 and 1205253?
911
Calculate the greatest common divisor of 1770866 and 517.
47
What is the highest common factor of 10926696 and 1122?
66
What is the greatest common divisor of 8626951 and 1341?
149
What is the greatest common divisor of 51336 and 480872?
248
Calculate the greatest common factor of 1190118 and 1002.
6
What is the highest common divisor of 16532936 and 166?
166
Calculate the highest common divisor of 3572824 and 56.
8
Calculate the highest common divisor of 56 and 9254668.
4
What is the highest common factor of 3792 and 944445?
237
Calculate the highest common divisor of 53264155 and 5.
5
Calculate the greatest common divisor of 72277631 and 10756.
2689
What is the greatest common divisor of 1904 and 2452576?
112
What is the highest common divisor of 3560 and 34423420?
1780
What is the greatest common factor of 16150167 and 495?
99
Calculate the greatest common divisor of 340940 and 2180.
20
Calculate the highest common factor of 5 and 58455215.
5
Calculate the highest common factor of 45 and 1078904565.
45
What is the highest common factor of 1838005 and 780?
65
Calculate the greatest common divisor of 814 and 83235977.
407
Calculate the highest common factor of 134 and 13752889.
67
What is the greatest common divisor of 18853790 and 5520?
230
What is the greatest common factor of 192819 and 53757?
33
What is the highest common divisor of 22617664 and 32?
32
Calculate the highest common factor of 29371365 and 430.
215
Calculate the greatest common factor of 5 and 6148395.
5
What is the greatest common divisor of 242429 and 14861?
11
What is the highest common factor of 2669405 and 2945?
95
Calculate the highest common divisor of 446 and 9619774.
446
C